re the prime factors of 26189677?
4787, 5471
List the prime factors of 172701165.
3, 5, 7, 13, 19, 6659
List the prime factors of 51868788.
2, 3, 59, 61, 1201
List the prime factors of 2075759383.
13127, 158129
List the prime factors of 984472676.
2, 11, 491, 45569
What are the prime factors of 25656087?
3, 1549, 5521
What are the prime factors of 1182551457?
3, 394183819
What are the prime factors of 108334887?
3, 36111629
What are the prime factors of 617574220?
2, 5, 139, 222149
What are the prime factors of 55752396?
2, 3, 7, 53, 1789
List the prime factors of 67088683.
67088683
List the prime factors of 1699846243.
1699846243
What are the prime factors of 39965354?
2, 11, 13, 139739
List the prime factors of 4362759675.
3, 5, 19390043
List the prime factors of 109468419.
3, 67, 733, 743
What are the prime factors of 2884637351?
1151, 2506201
What are the prime factors of 163706316?
2, 3, 13642193
What are the prime factors of 864045006?
2, 3, 11, 13091591
List the prime factors of 3119616225.
3, 5, 11, 313, 4027
What are the prime factors of 850572310?
2, 5, 7, 12151033
List the prime factors of 1478219021.
3571, 413951
What are the prime factors of 41642024?
2, 5205253
List the prime factors of 2689767094.
2, 7, 27446603
What are the prime factors of 1193309?
13, 23, 307
List the prime factors of 880728815.
5, 176145763
What are the prime factors of 57441932?
2, 101, 142183
List the prime factors of 1714767248.
2, 1009, 106217
List the prime factors of 9506380.
2, 5, 13, 36563
What are the prime factors of 12490498?
2, 6245249
List the prime factors of 63858458.
2, 4919, 6491
List the prime factors of 91734981.
3, 13, 457, 5147
List the prime factors of 19265905.
5, 19, 202799
What are the prime factors of 456393078?
2, 3, 179, 141649
What are the prime factors of 121854221?
47, 1459, 1777
What are the prime factors of 73511972?
2, 18377993
What are the prime factors of 522929967?
3, 7, 24901427
List the prime factors of 4013764381.
11, 83, 4396237
List the prime factors of 146142094.
2, 7, 53, 89, 2213
List the prime factors of 23155512.
2, 3, 31, 31123
List the prime factors of 256418629.
1151, 222779
List the prime factors of 4644563103.
3, 8527, 60521
List the prime factors of 3984051693.
3, 1328017231
List the prime factors of 169363295.
5, 33872659
List the prime factors of 91356434.
2, 13, 73, 127, 379
What are the prime factors of 80321433?
3, 79, 338909
What are the prime factors of 130639265?
5, 26127853
What are the prime factors of 704779365?
3, 5, 67, 383, 1831
List the prime factors of 415079884.
2, 103769971
List the prime factors of 1025583818.
2, 7, 1597, 6553
What are the prime factors of 1009280473?
1009280473
List the prime factors of 4475717626.
2, 499, 4484687
What are the prime factors of 1338276878?
2, 167, 1109, 3613
List the prime factors of 21314052.
2, 3, 592057
What are the prime factors of 158074688?
2, 59, 41863
List the prime factors of 2128918184.
2, 266114773
List the prime factors of 54336733.
11, 887, 5569
What are the prime factors of 43123390?
2, 5, 17, 23, 41, 269
List the prime factors of 68490222.
2, 3, 31, 368227
List the prime factors of 73887921.
3, 8209769
What are the prime factors of 2465078?
2, 7, 11, 16007
List the prime factors of 8293275.
3, 5, 29, 31, 41
List the prime factors of 383412645.
3, 5, 7, 11, 17, 23, 283
What are the prime factors of 417381700?
2, 5, 4173817
List the prime factors of 167259440.
2, 5, 661, 3163
List the prime factors of 315674556.
2, 3, 26306213
What are the prime factors of 89627117?
61, 397, 3701
What are the prime factors of 671778820?
2, 5, 19, 367, 4817
List the prime factors of 57003505.
5, 13, 97, 9041
List the prime factors of 32115767.
1091, 29437
List the prime factors of 88431186.
2, 3, 2903, 5077
What are the prime factors of 41892656?
2, 13, 31, 73, 89
What are the prime factors of 1272920602?
2, 23, 27672187
What are the prime factors of 2855741623?
7, 71, 80929
What are the prime factors of 813897134?
2, 17, 23938151
List the prime factors of 5038863102.
2, 3, 7, 13, 83, 2851
List the prime factors of 64733037.
3, 21577679
List the prime factors of 310239406.
2, 155119703
List the prime factors of 120632387.
19, 6349073
List the prime factors of 58119117.
3, 7, 163, 16979
List the prime factors of 463547157.
3, 154515719
What are the prime factors of 186844395?
3, 5, 1831, 6803
What are the prime factors of 1716406768?
2, 17, 6310319
List the prime factors of 3964710717.
3, 11, 83, 482501
What are the prime factors of 19727864?
2, 13, 189691
List the prime factors of 7712066.
2, 3856033
What are the prime factors of 4740599433?
3, 37, 42708103
List the prime factors of 338325271.
2293, 147547
List the prime factors of 138629601.
3, 11, 1400299
List the prime factors of 678767409.
3, 239, 315559
What are the prime factors of 18805612?
2, 7, 95947
What are the prime factors of 1132762217?
97, 11677961
List the prime factors of 8497289274.
2, 3, 27847, 50857
What are the prime factors of 354609212?
2, 263, 337081
What are the prime factors of 4754883659?
5503, 864053
List the prime factors of 626520257.
11, 199, 433, 661
List the prime factors of 534201063.
3, 11, 16187911
List the prime factors of 359971888.
2, 22498243
What are the prime factors of 2463979639?
11, 619, 361871
List the prime factors of 73041385.
5, 1231, 11867
List the prime factors of 211234226.
2, 7, 15088159
What are the prime factors of 65197704?
2, 3, 11, 13, 157
List the prime factors of 47200867.
7, 963283
List the prime factors of 130021158.
2, 3, 1303, 16631
What are the prime factors of 249554119?
1019, 244901
List the prime factors of 1278476833.
2713, 471241
List the prime factors of 1735770282.
2, 3, 109, 2654083
List the prime factors of 2286979030.
2, 5, 7, 641, 50969
List the prime factors of 1605524214.
2, 3, 7, 2887, 13241
List the prime factors of 42801014.
2, 21400507
What are the prime factors of 51236769?
3, 31, 167, 3299
What are the prime factors of 52609968?
2, 3, 17, 21491
List the prime factors of 69437321.
69437321
What are the prime factors of 304655885?
5, 60931177
What are the prime factors of 50838196?
2, 41, 309989
What are the prime factors of 105905900?
2, 5, 1059059
List the prime factors of 100207010.
2, 5, 17, 589453
What are the prime factors of 796458596?
2, 37, 5381477
What are the prime factors of 31982909?
7, 19, 240473
List the prime factors of 2318882343.
3, 1061, 728521
What are the prime factors of 9405459?
3, 7, 23, 6491
What are the prime factors of 5929794?
2, 3, 13, 8447
List the prime factors of 34061399.
29, 1174531
What are the prime factors of 73308017?
73308017
List the prime factors of 2562254.
2, 41, 31247
List the prime factors of 125435626.
2, 499, 125687
List the prime factors of 795048952.
2, 307, 323717
List the prime factors of 2743402.
2, 37, 131, 283
What are the prime factors of 54132511?
54132511
What are the prime factors of 66064464?
2, 3, 23, 61, 109
List the prime factors of 1046214947.
1009, 1036883
What are the prime factors of 131162834?
2, 11, 263, 22669
List the prime factors of 159888663.
3, 11, 23, 43, 71
What are the prime factors of 203904445?
5, 40780889
List the prime factors of 166119940.
2, 5, 7, 743, 1597
List the prime factors of 342091258.
2, 89, 97, 19813
List the prime factors of 2021966817.
3, 13, 61, 849923
What are the prime factors of 7373583613?
11, 670325783
List the prime factors of 387881159.
15641, 24799
List the prime factors of 11983061.
29, 359, 1151
List the prime factors of 1869327753.
3, 623109251
List the prime factors of 330664700.
2, 5, 3306647
List the prime factors of 7469759165.
5, 11, 135813803
List the prime factors of 296358663.
3, 2777, 35573
What are the prime factors of 48645211?
17, 2861483
List the prime factors of 134314751.
134314751
What are the prime factors of 3039119180?
2, 5, 113, 1344743
List the prime factors of 5022707675.
5, 200908307
What are the prime factors of 156253470?
2, 3, 5, 1061, 4909
What are the prime factors of 227384040?
2, 3, 5, 13, 145759
List the prime factors of 117413887.
117413887
What are the prime factors of 1259408964?
2, 3, 11, 1373, 6949
List the prime factors of 16113912.
2, 3, 173, 3881
What are the prime factors of 72019